 Let g be i(1). Let c be 4/6*(-3 - g). Let o(b) = -b**3 - 1. List the prime factors of o(c).
7
Suppose 0*q = 4*q - 28. Let r(f) = -f + 9. What are the prime factors of r(q)?
2
Let b(g) = g**3 - 6*g**2 + 2*g - 8. Let v be b(6). Suppose -3*s + 127 = 4*d, -v*s = -0*d + d - 152. List the prime factors of s.
37
Suppose 0 = 2*p + 3*p - n + 11, -4*n + 6 = -p. List the prime factors of p/(-6) + 26/3.
3
List the prime factors of -435*((-21)/(-9))/7*-1.
5, 29
Let k(p) = -p**3 - 11*p**2 - 13*p - 10. What are the prime factors of k(-10)?
2, 5
Let t(g) = g**3 - 10*g**2 + 3*g + 11. List the prime factors of t(12).
5, 67
Let k(d) be the second derivative of 3*d**3/2 + d**2/2 + d. List the prime factors of k(1).
2, 5
Let h be (-4)/(-14) - (-414)/21. Suppose 0 = -5*l + h + 35. What are the prime factors of l?
11
Suppose 6*s - 1859 = -185. What are the prime factors of s?
3, 31
Let v(m) = -m**3 + m**2 + 10*m + 4. What are the prime factors of v(-4)?
2, 11
Suppose -2*j - 6 = j - 3*q, -5*j + 26 = 4*q. Suppose j*h + 1 - 15 = 0. List the prime factors of h.
7
Suppose -482 - 580 = -6*j. List the prime factors of j.
3, 59
What are the prime factors of 3*-14*(-6)/7?
2, 3
Let m(n) = -5*n + 2. List the prime factors of m(-2).
2, 3
Suppose -2*d + 0*d = -4. Let m be (7/d)/(5/10). Let c(y) = y**2 - 7*y + 9. List the prime factors of c(m).
3
Let z = 8 - -10. What are the prime factors of z/(-4)*4*-1?
2, 3
Let x = 63 - 44. What are the prime factors of x?
19
Suppose -81 + 11 = -r. Suppose p - x - 18 = 0, 0*p - 5*x = 3*p - r. List the prime factors of p.
2, 5
What are the prime factors of (-604)/(-12) - (-6)/9?
3, 17
Let a(o) = -o**2 - 2*o - 3. Let i be a(-2). List the prime factors of i/(-6)*2 + 2.
3
Let m(h) = h**3 - 4*h**2 + 9*h. What are the prime factors of m(7)?
2, 3, 5, 7
Suppose -4*v - 1 = -13. Let y(u) = -5*u**2 - u + 2*u**3 - 3*u**v + 0*u**2. List the prime factors of y(-5).
5
Let r(p) = -p + 9. Let g be r(6). Suppose 5*a = -w + 32, 0 = w + g*a + a - 31. What are the prime factors of w?
3
Let n(x) = 86*x**2 - 3*x - 2. List the prime factors of n(-1).
3, 29
Let w be (-4)/(-8) - 5/2. Let x = 10 + w. Let h(c) = -c + 17. List the prime factors of h(x).
3
Let h(c) = -c**2 + 13*c + 13. What are the prime factors of h(12)?
5
Suppose -2*a = -a + 2*l - 127, 0 = -3*l + 9. What are the prime factors of a?
11
Let u(h) = 267*h**3 - h**2 + h - 1. List the prime factors of u(1).
2, 7, 19
Let h = 6 - -1. Let y = 6 + -10. Let z = h + y. List the prime factors of z.
3
Let d = 32 + 2. List the prime factors of d.
2, 17
Let o(l) = -l**3 - 5*l**2 - 4*l + 1. Let k be o(-4). Let w = 0 - -2. Let a = k + w. List the prime factors of a.
3
Suppose i + 2*k = 3*i - 14, 20 = -4*k. Suppose -i*g + 20 = 2*g. List the prime factors of (-1 - 4)/(g/(-10)).
2, 5
Let u(d) = d + 2. Let x(m) = -m - 5. Let k(l) = 13*u(l) + 6*x(l). List the prime factors of k(4).
2, 3
Let y be (24/(-18))/((-2)/(-12)). Let x(q) = -q**2 - 7*q + 10. List the prime factors of x(y).
2
Suppose -176 = -3*h + 2*h. What are the prime factors of h?
2, 11
Suppose 0 = -v + 3*k + 8, -2*k + 3*k = 2. Let g = -8 + v. What are the prime factors of g?
2, 3
Let y = 106 + 5. What are the prime factors of y?
3, 37
Let b = 38 + -23. List the prime factors of b.
3, 5
Suppose 0*z + 3*z = 0. Let n be 1 + z/1 - -1. List the prime factors of (10/2)/(1/n).
2, 5
Let b = -55 - -170. What are the prime factors of b?
5, 23
Suppose -42 = -26*q + 20*q. List the prime factors of q.
7
Let n(b) = b**3 - 6*b**2 + 6*b - 6. Let p be n(5). List the prime factors of 1*14 - (-2)/p.
2, 3
List the prime factors of 2 + (-2 - -3)*3.
5
Let g = 1 - -2. Let u = 0 + g. Suppose u*m + 2*v - 48 = -m, -20 = -5*v. What are the prime factors of m?
2, 5
Suppose -4*o + 7 = -3*o. Let k(i) = i**3 - 5*i**2 - 8*i + 4. Let j be k(o). Let c = -28 + j. List the prime factors of c.
2, 3
Suppose -2*x = -x + p, 2*x - 4*p + 18 = 0. List the prime factors of (1 - 27)*(2 + x).
2, 13
Let f(s) = -s**3 - 5*s**2 + 7*s - 4. Let h be f(-7). Suppose -8 - h = -z. What are the prime factors of z?
53
Suppose 12 = -3*h - 0*h. Let m be 48/(-9) - h/(-6). Let t = m - -9. What are the prime factors of t?
3
Suppose b + a - 2 + 3 = 0, 4*a = -2*b - 12. Suppose o - b - 24 = -t, -o - 2*t + 33 = 0. What are the prime factors of o?
23
Suppose 2*l + 8 = 284. List the prime factors of l.
2, 3, 23
Let m(b) = 15*b - 2 - 3*b - 5 - b**2. What are the prime factors of m(8)?
5
Suppose 10 = 2*w, -3*s - 3*w = -5*w + 10. Suppose s = -m - 4*o - 1, -m = -0*m + 2*o - 7. What are the prime factors of m?
3, 5
Let t(j) = j**2 - j + 1. Let r(d) = -9*d**2 - 2*d + 4. Let c(w) = -r(w) + 3*t(w). What are the prime factors of c(-1)?
2, 3
Suppose 0 = -0*n + 5*n. Let c(k) = -k + 11. What are the prime factors of c(n)?
11
Let h be (-34)/(-4) - 1/2. Let y(b) = b**2 - 5*b + 3. Let o be y(3). What are the prime factors of (h/(-10))/(o/15)?
2
Let t = 32 + -5. Let f = t + -23. List the prime factors of f.
2
Let x(b) = b**3 - 9*b**2 + 3. Let z be x(9). List the prime factors of (1 - 0)*57/z.
19
Let t = 51 - 8. What are the prime factors of t?
43
Suppose 4*a = k - 224, -2*k + 398 = a + a. List the prime factors of k.
2, 3, 17
Suppose -u + 119 = -3. List the prime factors of u.
2, 61
Let d(q) = 2*q**2 + q. Let p be d(-1). Let z = p - -7. What are the prime factors of z?
2
Let p = 60 + -29. List the prime factors of p.
31
Suppose -5*n = 5*r - 580, -3*n - 116 = -4*n + 5*r. List the prime factors of n.
2, 29
Let k(z) be the third derivative of -z**5/60 - z**4/3 + z**3 + 11*z**2. Let d be 116/(-14) - 2/(-7). What are the prime factors of k(d)?
2, 3
Suppose 40 = 4*m + 5*g, -3*g = 4*m + g - 36. Let l be -23*(-4)/(-4)*-1. Let k = l - m. What are the prime factors of k?
2, 3
Suppose -4*l + 3*l + 5 = 0. Suppose 0*f + 60 = l*f. List the prime factors of f.
2, 3
Let w(q) = -q**3 + 3*q**2 - q + 33. List the prime factors of w(0).
3, 11
Let z be (3/(3/5))/1. Suppose -c + 2*h = -2 - 8, 4*c = z*h + 46. Suppose 2*m - 8 = c. List the prime factors of m.
11
Suppose 24 = 18*c - 22*c. Let b(t) = t**3 + 7*t**2 - 2*t - 8. List the prime factors of b(c).
2, 5
Let a be 6/14 + ((-4986)/(-42))/3. Let d(q) = -2*q**3 + q + 1. Let f be d(-1). Suppose 0*w = -f*w + a. List the prime factors of w.
2, 5
Let h = -27 + 6. What are the prime factors of (-6)/h + (-235)/(-35)?
7
What are the prime factors of 165/6 + (-1)/(-2) + -1?
3
Suppose 4*s - 21 = 39. Let l = 9 + -5. Suppose -y - l*y = -s. List the prime factors of y.
3
Let j(b) = b**2 - 2*b - 4. Let i be j(6). Suppose -4*l + 86 = 5*p, -p + 0*l + i = -2*l. List the prime factors of p.
2, 3
Let n = 52 - 20. Suppose 5*t + 4*w = -0*t + 76, w = 3*t - n. List the prime factors of t.
2, 3
Let v = -13 + 11. Let h = v + 7. Suppose 0*c - 4*q = c - 33, 0 = -h*q + 25. What are the prime factors of c?
13
Let a(h) = -h - 8. Let b be a(-6). Let m be b/4 + 252/(-8). What are the prime factors of m/(-6) + 4/6?
2, 3
Suppose 3*l = -15, 5*x + 2*l = -3*l + 515. List the prime factors of x.
2, 3
Let l = 128 + -60. Suppose -l = -2*s + 2*u, 5*s - u + 2*u = 140. What are the prime factors of s?
29
Suppose -1 = i - 3*k, -28 = 4*i - 2*k - 2*k. Let z be ((-15)/i)/((-1)/(-2)). Suppose -4*c = z*w - 41, -5*w + 39 = 4*c - 0*w. What are the prime factors of c?
11
Let k = 5 - -4. Let j be ((-8)/(-6))/(2/3). List the prime factors of 0 + j*-1 + k.
7
What are the prime factors of (-32)/((-6)/4 - -1)?
2
Suppose 0 = 5*q + 3*b - 49, 22 = -4*q + 6*q + 2*b. List the prime factors of q.
2
Let o(l) = -10*l**3 - 7*l**2 - 19*l + 9. Let z(m) = 7*m**3 + 5*m**2 + 13*m - 6. Let c(t) = -5*o(t) - 7*z(t). List the prime factors of c(2).
13
Let p be (-92)/(-14) + 24/56. Suppose -u - 3*u = 3*a + p, -2*u - 5*a - 21 = 0. List the prime factors of u.
2
Suppose 0 = -5*k + 3*k + 38. Suppose 2*u - k = 19. List the prime factors of u.
19
Suppose 0 = 56*r - 54*r - 224. List the prime factors of r.
2, 7
Let l = 24 - -8. List the prime factors of l.
2
Let z(b) = -b**2 - 16*b + 39. List the prime factors of z(-12).
3, 29
Let s = 66 - -88. List the prime factors of s.
2, 7, 11
Let y = 15 - 11. List the prime factors of y.
2
Let q = 11 - 6. Suppose r + 3 = q. Suppose 5*y - 4*s - 10 = 0, -3*y + s = r*y - 25. List the prime factors of y.
2, 3
Let j = 51 + -34. What are the prime factors of j?
